of 10 and 12.
2
What is the greatest common factor of 8181 and 486?
81
Calculate the greatest common factor of 279 and 403.
31
What is the highest common divisor of 78 and 286?
26
Calculate the greatest common divisor of 232 and 58.
58
Calculate the highest common factor of 14 and 434.
14
Calculate the highest common factor of 316 and 4661.
79
Calculate the highest common factor of 16 and 136.
8
Calculate the greatest common factor of 70 and 35.
35
Calculate the greatest common factor of 94 and 2867.
47
What is the highest common divisor of 112 and 4550?
14
What is the greatest common factor of 49410 and 9?
9
What is the greatest common divisor of 145 and 80?
5
Calculate the highest common divisor of 13068 and 99.
99
Calculate the highest common divisor of 648 and 24.
24
Calculate the greatest common factor of 112 and 3640.
56
Calculate the greatest common factor of 483 and 552.
69
What is the highest common factor of 210 and 30?
30
What is the greatest common divisor of 1312 and 902?
82
What is the greatest common factor of 100 and 75?
25
Calculate the greatest common divisor of 77 and 132.
11
What is the highest common factor of 255 and 15?
15
What is the highest common factor of 45 and 1215?
45
Calculate the greatest common factor of 153 and 1020.
51
Calculate the highest common factor of 933 and 9952.
311
Calculate the greatest common divisor of 4 and 196.
4
Calculate the highest common divisor of 8675 and 25.
25
Calculate the highest common divisor of 4142 and 76.
38
What is the highest common factor of 559 and 169?
13
Calculate the greatest common factor of 2883 and 558.
93
What is the highest common factor of 3729 and 22?
11
What is the highest common factor of 45 and 99?
9
Calculate the greatest common factor of 99 and 363.
33
What is the highest common divisor of 7 and 56?
7
Calculate the highest common divisor of 333 and 185.
37
What is the highest common divisor of 540 and 324?
108
Calculate the greatest common factor of 4092 and 1056.
132
What is the highest common factor of 6 and 249?
3
What is the highest common divisor of 1967 and 7?
7
What is the highest common divisor of 6 and 159?
3
What is the highest common divisor of 152 and 56?
8
What is the greatest common factor of 35 and 385?
35
Calculate the highest common factor of 3432 and 264.
264
Calculate the greatest common factor of 9 and 24.
3
What is the highest common factor of 21 and 56?
7
What is the greatest common factor of 64 and 1472?
64
What is the greatest common divisor of 42 and 30?
6
What is the highest common divisor of 170 and 408?
34
What is the highest common divisor of 670 and 17286?
134
What is the highest common factor of 85 and 865?
5
Calculate the greatest common factor of 53 and 9063.
53
Calculate the highest common factor of 168 and 408.
24
What is the highest common factor of 12 and 26?
2
Calculate the greatest common factor of 2240 and 14.
14
Calculate the greatest common divisor of 12 and 12.
12
What is the greatest common divisor of 1168 and 73?
73
Calculate the greatest common factor of 1254 and 2451.
57
What is the greatest common divisor of 256 and 48?
16
Calculate the greatest common factor of 500 and 360.
20
What is the greatest common divisor of 15 and 1065?
15
What is the greatest common divisor of 40 and 205?
5
Calculate the greatest common factor of 722 and 38.
38
Calculate the greatest common factor of 7 and 11669.
7
Calculate the highest common divisor of 597 and 3781.
199
Calculate the highest common divisor of 2793 and 294.
147
What is the highest common factor of 100 and 30?
10
Calculate the greatest common factor of 6 and 150.
6
What is the highest common factor of 498 and 4814?
166
What is the greatest common factor of 586 and 2?
2
What is the greatest common factor of 475 and 50?
25
What is the highest common divisor of 638 and 3509?
319
Calculate the greatest common factor of 737 and 33.
11
Calculate the greatest common divisor of 12 and 196.
4
Calculate the greatest common divisor of 16 and 12968.
8
Calculate the greatest common factor of 3844 and 124.
124
Calculate the highest common divisor of 44968 and 44.
44
What is the highest common divisor of 2464 and 252?
28
What is the greatest common divisor of 9379 and 113?
113
What is the greatest common divisor of 308 and 8162?
154
What is the greatest common divisor of 435 and 1885?
145
What is the greatest common divisor of 493 and 87?
29
Calculate the highest common factor of 4320 and 5670.
270
What is the highest common factor of 3 and 24?
3
Calculate the greatest common factor of 10 and 625.
5
What is the highest common divisor of 32 and 144?
16
Calculate the highest common divisor of 29100 and 15.
15
Calculate the greatest common factor of 6 and 786.
6
What is the highest common factor of 10 and 530?
10
What is the highest common divisor of 5 and 85?
5
Calculate the highest common factor of 154 and 220.
22
What is the greatest common divisor of 8 and 328?
8
What is the highest common factor of 14 and 7392?
14
What is the greatest common divisor of 16 and 36?
4
What is the greatest common factor of 40 and 328?
8
Calculate the highest common divisor of 7 and 448.
7
What is the greatest common divisor of 2268 and 84?
84
Calculate the highest common divisor of 57564 and 13.
13
What is the greatest common divisor of 23808 and 124?
124
Calculate the greatest common divisor of 8085 and 35.
35
What is the highest common divisor of 1050 and 105?
105
Calculate the greatest common factor of 66 and 176.
22
What is the highest common factor of 324 and 288?
36
What is the greatest common divisor of 61 and 305?
61
What is the greatest common divisor of 2709 and 12341?
301
Calculate the greatest common divisor of 27 and 711.
9
Calculate the highest common divisor of 16679 and 26.
13
Calculate the highest common factor of 60 and 20.
20
What is the highest common divisor of 731 and 17?
17
Calculate the greatest common divisor of 340 and 17.
17
Calculate the highest common divisor of 32 and 22816.
32
Calculate the greatest common divisor of 3 and 20.
1
What is the greatest common divisor of 16 and 676?
4
Calculate the highest common factor of 5457 and 153.
51
Calculate the greatest common factor of 124 and 13392.
124
What is the greatest common factor of 52 and 39?
13
What is the greatest common divisor of 1416 and 104?
8
What is the greatest common factor of 377 and 551?
29
What is the highest common factor of 493 and 261?
29
Calculate the highest common factor of 7 and 112.
7
What is the highest common factor of 154 and 9317?
77
Calculate the greatest common divisor of 3475 and 25.
25
Calculate the highest common divisor of 642 and 66.
6
Calculate the highest common factor of 621 and 92.
23
Calculate the greatest common factor of 48 and 2064.
48
What is the highest common factor of 1818 and 18?
18
Calculate the greatest common divisor of 360 and 324.
36
Calculate the highest common divisor of 800 and 50.
50
What is the greatest common divisor of 779 and 646?
19
Calculate the highest common factor of 8 and 26.
2
Calculate the greatest common factor of 6 and 254.
2
Calculate the highest common divisor of 3063 and 3.
3
What is the greatest common factor of 80 and 1696?
16
What is the greatest common factor of 198 and 18?
18
Calculate the greatest common factor of 63 and 21.
21
What is the highest common factor of 1038 and 426?
6
Calculate the highest common factor of 20 and 1012.
4
What is the greatest common divisor of 21 and 35?
7
What is the greatest common factor of 522 and 1682?
58
What is the greatest common divisor of 37 and 592?
37
What is the highest common factor of 105 and 3969?
21
What is the greatest common divisor of 13 and 7280?
13
What is the highest common factor of 4 and 10?
2
Calculate the highest common factor of 2555 and 35.
35
Calculate the highest common divisor of 96 and 1248.
96
Calculate the highest common factor of 544 and 20.
4
Calculate the highest common divisor of 832 and 2368.
64
Calculate the greatest common divisor of 532 and 494.
38
What is the greatest common factor of 540 and 40?
20
Calculate the greatest common factor of 252 and 123732.
252
Calculate the highest common factor of 1128 and 64.
8
What is the highest common factor of 507 and 26?
13
What is the